{"id":9206,"date":"2022-08-29T15:01:58","date_gmt":"2022-08-29T15:01:58","guid":{"rendered":"https:\/\/legacy.victoryatl.com\/victoryvida\/?page_id=9206"},"modified":"2022-09-16T00:41:02","modified_gmt":"2022-09-16T00:41:02","slug":"norteverdadero","status":"publish","type":"page","link":"https:\/\/legacy.victoryatl.com\/victoryvida\/norteverdadero\/","title":{"rendered":"Nueva Serie: Norte Verdadero"},"content":{"rendered":"[vc_row no_margin=&#8221;true&#8221; padding_top=&#8221;200px&#8221; padding_bottom=&#8221;250px&#8221; border=&#8221;none&#8221; bg_video=&#8221;&#8221; class=&#8221;&#8221; style=&#8221;&#8221; bg_image=&#8221;9163&#8243;][vc_column fade_animation_offset=&#8221;45px&#8221; width=&#8221;1\/1&#8243;]<hr  class=\"x-gap\" style=\"margin: 12em 0 0 0;\">[\/vc_column][\/vc_row][vc_row inner_container=&#8221;true&#8221; no_margin=&#8221;true&#8221; padding_top=&#8221;0px&#8221; padding_bottom=&#8221;0px&#8221; border=&#8221;none&#8221; bg_video=&#8221;&#8221; class=&#8221;np&#8221; style=&#8221;&#8221;][vc_column fade_animation_offset=&#8221;45px&#8221; width=&#8221;1\/1&#8243;]<a  class=\"x-btn x-btn-square x-btn-small alignright\" style=\"border-color: black !important; color: black !important; text-align: center;\" href=\"https:\/\/legacy.victoryatl.com\/truenorth\/\" title=\"View the Spanish version of this page.\"    data-options=\"thumbnail: ''\">\u00cdngles<\/a><hr  class=\"x-clear\" ><hr  class=\"x-gap\" style=\"margin: 20px 0 0 0;\">[\/vc_column][\/vc_row][vc_row inner_container=&#8221;true&#8221; no_margin=&#8221;true&#8221; padding_top=&#8221;0px&#8221; padding_bottom=&#8221;0px&#8221; border=&#8221;none&#8221; bg_video=&#8221;&#8221; class=&#8221;np&#8221; style=&#8221;display:none&#8221;][vc_column fade_animation_offset=&#8221;45px&#8221; width=&#8221;1\/1&#8243;]<hr  class=\"x-hr\" ><hr  class=\"x-gap\" style=\"margin: 20px 0 0 0;\">[\/vc_column][\/vc_row][vc_row inner_container=&#8221;true&#8221; no_margin=&#8221;true&#8221; padding_top=&#8221;0px&#8221; padding_bottom=&#8221;0px&#8221; border=&#8221;none&#8221; bg_video=&#8221;&#8221; class=&#8221;np&#8221; style=&#8221;&#8221;][vc_column fade_animation_offset=&#8221;45px&#8221; width=&#8221;1\/1&#8243;]<hr  class=\"x-gap\" style=\"margin: 30px 0 0 0;\"><h3  class=\"h-custom-headline h3\" ><span>ENCUENTRA INSPIRACI\u00d3N<\/span><\/h3><hr  class=\"x-gap\" style=\"margin: 30px 0 0 0;\">[\/vc_column][\/vc_row][vc_row inner_container=&#8221;true&#8221; no_margin=&#8221;true&#8221; padding_top=&#8221;0px&#8221; padding_bottom=&#8221;0px&#8221; border=&#8221;none&#8221; bg_video=&#8221;&#8221; class=&#8221;np&#8221; style=&#8221;&#8221;][vc_column fade_animation_offset=&#8221;45px&#8221; width=&#8221;1\/1&#8243;][vc_raw_html]JTNDZGl2JTIwc3R5bGUlM0QlMjJwYWRkaW5nJTNBNDEuODklMjUlMjAwJTIwMCUyMDAlM0Jwb3NpdGlvbiUzQXJlbGF0aXZlJTNCJTIyJTNFJTNDaWZyYW1lJTIwc3JjJTNEJTIyaHR0cHMlM0ElMkYlMkZwbGF5ZXIudmltZW8uY29tJTJGdmlkZW8lMkY3NTAxMjQ0ODklM0ZoJTNEODkwM2I1NzI3OSUyNnRpdGxlJTNEMCUyNmJ5bGluZSUzRDAlMjZwb3J0cmFpdCUzRDAlMjIlMjBzdHlsZSUzRCUyMnBvc2l0aW9uJTNBYWJzb2x1dGUlM0J0b3AlM0EwJTNCbGVmdCUzQTAlM0J3aWR0aCUzQTEwMCUyNSUzQmhlaWdodCUzQTEwMCUyNSUzQiUyMiUyMGZyYW1lYm9yZGVyJTNEJTIyMCUyMiUyMGFsbG93JTNEJTIyYXV0b3BsYXklM0IlMjBmdWxsc2NyZWVuJTNCJTIwcGljdHVyZS1pbi1waWN0dXJlJTIyJTIwYWxsb3dmdWxsc2NyZWVuJTNFJTNDJTJGaWZyYW1lJTNFJTNDJTJGZGl2JTNFJTNDc2NyaXB0JTIwc3JjJTNEJTIyaHR0cHMlM0ElMkYlMkZwbGF5ZXIudmltZW8uY29tJTJGYXBpJTJGcGxheWVyLmpzJTIyJTNFJTNDJTJGc2NyaXB0JTNF[\/vc_raw_html]<hr  class=\"x-gap\" style=\"margin: 20px 0 0 0;\"><hr  class=\"x-gap\" style=\"margin: 20px 0 0 0;\">[\/vc_column][\/vc_row][vc_row inner_container=&#8221;true&#8221; no_margin=&#8221;true&#8221; padding_top=&#8221;0px&#8221; padding_bottom=&#8221;0px&#8221; border=&#8221;none&#8221; bg_video=&#8221;&#8221; class=&#8221;np&#8221; style=&#8221;&#8221;][vc_column fade_animation_offset=&#8221;45px&#8221; width=&#8221;1\/1&#8243;]<hr  class=\"x-gap\" style=\"margin: 20px 0 0 0;\"><hr  class=\"x-hr\" ><hr  class=\"x-gap\" style=\"margin: 20px 0 0 0;\">[\/vc_column][\/vc_row][vc_row inner_container=&#8221;true&#8221; no_margin=&#8221;true&#8221; padding_top=&#8221;0px&#8221; padding_bottom=&#8221;0px&#8221; border=&#8221;none&#8221; bg_video=&#8221;&#8221; class=&#8221;np&#8221; style=&#8221;&#8221;][vc_column fade_animation_offset=&#8221;45px&#8221; width=&#8221;1\/1&#8243;]<h4  class=\"h-custom-headline h4\" ><span>Paso 1: REALIZA UNA EVALUACI\u00d3N DE DONES ESPIRITUALES<\/span><\/h4><p style=\"text-align: left;\">\u00bfAlguna vez te has preguntado por qu\u00e9 fuiste y para qu\u00e9 fuiste creado? Cuando buscamos vivir el prop\u00f3sito que Dios nos ha dado, elevamos nuestro nivel de vida. Identificar nuestros dones, talentos, pasiones, habilidades y experiencias \u00fanicas nos puede ayudar a tener un mejor entendimiento de qu\u00e9 Dios nos dise\u00f1\u00f3 para hacer en el mundo y para el mundo que nos rodea.<\/p>\n<p style=\"text-align: left;\">\u00bfEst\u00e1s listo\/a?<\/p>\n<a  class=\"x-btn x-btn-square x-btn-small\" style=\"border-color: black !important; color: black !important; text-align: center;\" href=\"https:\/\/es.members.victoryatl.com\/spiritualgifts\"  target=\"_blank\" rel=\"\"   data-options=\"thumbnail: ''\">REALIZAR EVALUACI\u00d3N<\/a><hr  class=\"x-gap\" style=\"margin: 20px 0 0 0;\">[\/vc_column][\/vc_row][vc_row inner_container=&#8221;true&#8221; no_margin=&#8221;true&#8221; padding_top=&#8221;0px&#8221; padding_bottom=&#8221;0px&#8221; bg_video=&#8221;&#8221; class=&#8221;np&#8221; style=&#8221;&#8221;][vc_column fade_animation_offset=&#8221;45px&#8221; width=&#8221;1\/1&#8243; id=&#8221;&#8221; class=&#8221;&#8221; style=&#8221;&#8221;]<h3  class=\"h-custom-headline h5\" style=\"text-transform:none; letter-spacing:0;\"><span>Instrucciones<\/span><\/h3><p><em><strong>Cada persona que realice la evaluaci\u00f3n necesitar\u00e1 credenciales de acceso \u00fanicas e individuales.<\/strong><\/em> Por favor, ten en cuenta que, si compartes una cuenta dom\u00e9stica, cada persona que quiera realizar la evaluaci\u00f3n deber\u00e1 crear credenciales separadas. Este es el proceso\u2026<\/p>\n<p>Cuando hagas clic en el bot\u00f3n \u201cREALIZAR EVALUACI\u00d3N\u201c, te redirigir\u00e1n a una p\u00e1gina de ingreso en la que tendr\u00e1s tres opciones.<\/p>\n[vc_row_inner padding_top=&#8221;0px&#8221; padding_bottom=&#8221;0px&#8221;][vc_column_inner fade_animation_offset=&#8221;45px&#8221; width=&#8221;1\/3&#8243;]<h4  class=\"h-custom-headline h6\" style=\"text-transform:none; letter-spacing:0;\"><span>Opci\u00f3n 1: Iniciar Sesi\u00f3n<\/span><\/h4><p>Si tienes un nombre de usuario \u00fanico e individual y una contrase\u00f1a en Victory, ingresa tus credenciales y selecciona \u201cINGRESAR\/INICIAR SESI\u00d3N\u201c.<\/p>\n[\/vc_column_inner][vc_column_inner fade_animation_offset=&#8221;45px&#8221; width=&#8221;1\/3&#8243;]<h4  class=\"h-custom-headline h6\" style=\"text-transform:none; letter-spacing:0;\"><span>Opci\u00f3n 2: Registrarte<\/span><\/h4><p>Si no tienes un nombre de usuario individual ni y una contrase\u00f1a, selecciona \u201cREGISTRARME\u201d y sigue las instrucciones para configurar tu cuenta. Recuerda que, si compartes una cuenta de familia, cada individuo necesitar\u00e1 registrarse por separado para realizar la evaluaci\u00f3n de dones.<\/p>\n[\/vc_column_inner][vc_column_inner fade_animation_offset=&#8221;45px&#8221; width=&#8221;1\/3&#8243;]<h4  class=\"h-custom-headline h6\" style=\"text-transform:none; letter-spacing:0;\"><span>Opci\u00f3n 3: \u00bfOlvidaste tu Cuenta?<\/span><\/h4><p>Si no est\u00e1s seguro\/a o no recuerdas tus credenciales de ingreso, \u00a1no hay problema! Selecciona &#8220;OLVID\u00c9 MI CUENTA&#8221; y realiza un breve proceso para restablecerla.<\/p>\n[\/vc_column_inner][\/vc_row_inner]<p>Completar la evaluaci\u00f3n tomar\u00e1 aproximadamente 15-20 minutos. Una vez completada, recibir\u00e1s tus resultados de forma inmediata y tendr\u00e1s la oportunidad de profundizar en el significado y la aplicaci\u00f3n pr\u00e1ctica de los dones \u00fanicos que Dios te ha otorgado.<\/p>\n<hr  class=\"x-gap\" style=\"margin: 30px 0 0 0;\"><a  class=\"x-btn x-btn-square x-btn-small\" style=\"border-color: black !important; color: black !important; text-align: center;\" href=\"https:\/\/es.members.victoryatl.com\/spiritualgifts\"  target=\"_blank\" rel=\"\"   data-options=\"thumbnail: ''\">REALIZAR EVALUACI\u00d3N<\/a><hr  class=\"x-gap\" style=\"margin: 30px 0 0 0;\">[\/vc_column][\/vc_row][vc_row inner_container=&#8221;true&#8221; no_margin=&#8221;true&#8221; padding_top=&#8221;0px&#8221; padding_bottom=&#8221;0px&#8221; border=&#8221;none&#8221; bg_video=&#8221;&#8221; class=&#8221;np&#8221; style=&#8221;&#8221;][vc_column fade_animation_offset=&#8221;45px&#8221; width=&#8221;1\/1&#8243;]<hr  class=\"x-gap\" style=\"margin: 20px 0 0 0;\"><hr  class=\"x-hr\" ><hr  class=\"x-gap\" style=\"margin: 20px 0 0 0;\">[\/vc_column][\/vc_row][vc_row inner_container=&#8221;true&#8221; no_margin=&#8221;true&#8221; padding_top=&#8221;0px&#8221; padding_bottom=&#8221;0px&#8221; bg_video=&#8221;&#8221; class=&#8221;np&#8221; style=&#8221;&#8221;][vc_column fade_animation_offset=&#8221;45px&#8221; width=&#8221;1\/1&#8243; id=&#8221;&#8221; class=&#8221;&#8221; style=&#8221;&#8221;]<h4  class=\"h-custom-headline h4\" ><span>PASO 2: PROFUNDIZAR<\/span><\/h4><p>Cuando identificamos y desarrollamos los dones que Dios nos ha dado, nos volvemos conscientes de vivir la misi\u00f3n que \u00c9l tiene para nosotros. El objetivo es hacer lo que amo y que Dios ama, lo que significa que debo hacer algo&#8230; Podemos avanzar con fe sabiendo que no estamos haciendo algo <em>por<\/em> Dios, sino <em>con<\/em> Dios.<\/p>\n<a  class=\"x-btn x-btn-square x-btn-small\" style=\"border-color: black !important; color: black !important; text-align: center;\" href=\"https:\/\/legacy.victoryatl.com\/victoryvida\/files\/2022\/09\/Spiritual-Gifts-Assessment-Activation-Victory-Church-Spanish_2.pdf\"  target=\"_blank\" rel=\"\"   data-options=\"thumbnail: ''\">C\u00d3MO USAR TUS DONES<\/a><hr  class=\"x-gap\" style=\"margin: 30px 0 0 0;\">[\/vc_column][\/vc_row][vc_row inner_container=&#8221;true&#8221; no_margin=&#8221;true&#8221; padding_top=&#8221;0px&#8221; padding_bottom=&#8221;0px&#8221; border=&#8221;none&#8221; bg_video=&#8221;&#8221; class=&#8221;np&#8221; style=&#8221;&#8221;][vc_column fade_animation_offset=&#8221;45px&#8221; width=&#8221;1\/1&#8243;]<hr  class=\"x-gap\" style=\"margin: 20px 0 0 0;\"><hr  class=\"x-hr\" ><hr  class=\"x-gap\" style=\"margin: 20px 0 0 0;\">[\/vc_column][\/vc_row][vc_row inner_container=&#8221;true&#8221; no_margin=&#8221;true&#8221; padding_top=&#8221;0px&#8221; padding_bottom=&#8221;0px&#8221; bg_video=&#8221;&#8221; class=&#8221;np&#8221; style=&#8221;&#8221;][vc_column fade_animation_offset=&#8221;45px&#8221; width=&#8221;1\/1&#8243; id=&#8221;&#8221; class=&#8221;&#8221; style=&#8221;&#8221;]<h4  class=\"h-custom-headline h4\" ><span>PASO 3: DA UN PASO<\/span><\/h4><p>Mientras te sientes movido a usar tus dones, nos encantar\u00eda saber de ti \u00a1Tambi\u00e9n te invitamos a conectarte y crecer con nosotros! Visita nuestra p\u00e1gina \u201cUn paso\u201c y explora las posibilidades.<\/p>\n<a  class=\"x-btn x-btn-square x-btn-small\" style=\"border-color: black !important; color: black !important; text-align: center;\" href=\"https:\/\/legacy.victoryatl.com\/victoryvida\/unpaso\/\"     data-options=\"thumbnail: ''\">DAR UN PASO<\/a><hr  class=\"x-gap\" style=\"margin: 30px 0 0 0;\">[\/vc_column][\/vc_row][vc_row inner_container=&#8221;true&#8221; no_margin=&#8221;true&#8221; padding_top=&#8221;0px&#8221; padding_bottom=&#8221;0px&#8221; bg_video=&#8221;&#8221; class=&#8221;np&#8221; style=&#8221;display:none&#8221;][vc_column fade_animation_offset=&#8221;45px&#8221; width=&#8221;1\/1&#8243; id=&#8221;&#8221; class=&#8221;qw-counter-container&#8221; style=&#8221;&#8221;][vc_raw_html]JTNDJTIxLS0lMjBpbmNsdWRlJTIwZm9udCUyMC0tJTNFJTBBJTNDbGluayUyMHJlbCUzRCUyMnN0eWxlc2hlZXQlMjIlMjBocmVmJTNEJTIyaHR0cHMlM0ElMkYlMkZ1c2UudHlwZWtpdC5uZXQlMkZibmc4cnl3LmNzcyUyMiUzRQ==[\/vc_raw_html]<h4  class=\"h-custom-headline center-text h4\" ><span><span style=\"display: block; font-size: 54px; line-height: 100%; color: #cedc47;\">What is your<\/span><\/span><\/h4><h5  class=\"h-custom-headline center-text h2\" style=\"text-transform: none; letter-spacing: 0; margin-top: 0;\"><span><span style=\"display: block; font-family: aw-conqueror-carved, sans-serif; font-style: normal; font-weight: 400; font-size: 78px; line-height: 100%; color: #f4f4f5;\">One Step?<\/span><\/span><\/h5><p><span class=\"qw-ex\" style=\"color: white; background: white; font-size: 20px;\">Lorem ipsum dolor sit amet, consectetur adipiscing elit, sed do eiusmod tempor incididunt ut labore et dolore magna aliqua.<\/span><\/p>\n<a  class=\"x-btn x-btn-square x-btn-mini\" style=\"margin: 0 auto; display: block; max-width: 200px; color: white; font-weight: bold; border-color: white;\" href=\"https:\/\/legacy.victoryatl.com\/onestep\"  target=\"_blank\" rel=\"\"   data-options=\"thumbnail: ''\">Take One Step<\/a><hr  class=\"x-gap\" style=\"margin: 30px 0 0 0;\">[\/vc_column][\/vc_row][vc_row padding_top=&#8221;0px&#8221; padding_bottom=&#8221;0px&#8221;][vc_column fade_animation_offset=&#8221;45px&#8221; width=&#8221;1\/1&#8243;]<hr  class=\"x-gap\" style=\"margin: 30px 0 0 0;\">[\/vc_column][\/vc_row]\r\n","protected":false},"excerpt":{"rendered":"<p>[vc_row no_margin=&#8221;true&#8221; padding_top=&#8221;200px&#8221; padding_bottom=&#8221;250px&#8221; border=&#8221;none&#8221; bg_video=&#8221;&#8221; class=&#8221;&#8221; style=&#8221;&#8221; bg_image=&#8221;9163&#8243;][vc_column fade_animation_offset=&#8221;45px&#8221; width=&#8221;1\/1&#8243;][\/vc_column][\/vc_row][vc_row inner_container=&#8221;true&#8221; no_margin=&#8221;true&#8221; padding_top=&#8221;0px&#8221; padding_bottom=&#8221;0px&#8221; border=&#8221;none&#8221; bg_video=&#8221;&#8221; class=&#8221;np&#8221; style=&#8221;&#8221;][vc_column fade_animation_offset=&#8221;45px&#8221; width=&#8221;1\/1&#8243;][\/vc_column][\/vc_row][vc_row inner_container=&#8221;true&#8221; no_margin=&#8221;true&#8221; padding_top=&#8221;0px&#8221; padding_bottom=&#8221;0px&#8221; border=&#8221;none&#8221; bg_video=&#8221;&#8221; class=&#8221;np&#8221; style=&#8221;display:none&#8221;][vc_column fade_animation_offset=&#8221;45px&#8221; &#8230;<\/p>\n","protected":false},"author":36,"featured_media":0,"parent":0,"menu_order":0,"comment_status":"closed","ping_status":"closed","template":"template-blank-4.php","meta":[],"_links":{"self":[{"href":"https:\/\/legacy.victoryatl.com\/victoryvida\/wp-json\/wp\/v2\/pages\/9206"}],"collection":[{"href":"https:\/\/legacy.victoryatl.com\/victoryvida\/wp-json\/wp\/v2\/pages"}],"about":[{"href":"https:\/\/legacy.victoryatl.com\/victoryvida\/wp-json\/wp\/v2\/types\/page"}],"author":[{"embeddable":true,"href":"https:\/\/legacy.victoryatl.com\/victoryvida\/wp-json\/wp\/v2\/users\/36"}],"replies":[{"embeddable":true,"href":"https:\/\/legacy.victoryatl.com\/victoryvida\/wp-json\/wp\/v2\/comments?post=9206"}],"version-history":[{"count":15,"href":"https:\/\/legacy.victoryatl.com\/victoryvida\/wp-json\/wp\/v2\/pages\/9206\/revisions"}],"predecessor-version":[{"id":9275,"href":"https:\/\/legacy.victoryatl.com\/victoryvida\/wp-json\/wp\/v2\/pages\/9206\/revisions\/9275"}],"wp:attachment":[{"href":"https:\/\/legacy.victoryatl.com\/victoryvida\/wp-json\/wp\/v2\/media?parent=9206"}],"curies":[{"name":"wp","href":"https:\/\/api.w.org\/{rel}","templated":true}]}}