{"id":6502,"date":"2018-04-04T15:06:48","date_gmt":"2018-04-04T15:06:48","guid":{"rendered":"https:\/\/legacy.victoryatl.com\/victoryvida\/?page_id=6502"},"modified":"2021-04-01T20:58:59","modified_gmt":"2021-04-01T20:58:59","slug":"nuevocreyente","status":"publish","type":"page","link":"https:\/\/legacy.victoryatl.com\/victoryvida\/nuevocreyente\/","title":{"rendered":"Nuevo Creyente"},"content":{"rendered":"[vc_row no_margin=&#8221;true&#8221; padding_top=&#8221;180px&#8221; padding_bottom=&#8221;250px&#8221; border=&#8221;none&#8221; class=&#8221;heroimgsmall&#8221; bg_image=&#8221;7998&#8243; bg_video=&#8221;&#8221; style=&#8221;&#8221;][vc_column fade_animation_offset=&#8221;45px&#8221; width=&#8221;1\/1&#8243;][\/vc_column][\/vc_row][vc_row inner_container=&#8221;true&#8221; no_margin=&#8221;true&#8221; padding_top=&#8221;0px&#8221; padding_bottom=&#8221;0px&#8221; border=&#8221;none&#8221; class=&#8221;np&#8221;][vc_column fade_animation_offset=&#8221;45px&#8221; width=&#8221;1\/1&#8243;]<hr  class=\"x-gap\" style=\"margin: 50px 0 0 0;\">[\/vc_column][\/vc_row][vc_row inner_container=&#8221;true&#8221; no_margin=&#8221;true&#8221; padding_top=&#8221;0px&#8221; padding_bottom=&#8221;0px&#8221; border=&#8221;none&#8221; class=&#8221;np&#8221;][vc_column fade_animation_offset=&#8221;45px&#8221; width=&#8221;1\/1&#8243;]<h4  class=\"h-custom-headline h4\" ><span>Siete D\u00edas de Motivaci\u00f3n<\/span><\/h4><p>Estamos muy entusiasmados con tu decisi\u00f3n de seguir a Cristo. Inscr\u00edbete abajo para recibir una breve motivaci\u00f3n para los pr\u00f3ximos siete d\u00edas. Como un nuevo creyente y miembro de la familia de Dios, est\u00e1s a punto de comenzar un viaje emocionante. Hemos reunido algunos videos inspiradores que te entregaremos personalmente, un video corto por d\u00eda, por correo electr\u00f3nico.<\/p>\n[\/vc_column][\/vc_row][vc_row inner_container=&#8221;true&#8221; no_margin=&#8221;true&#8221; padding_top=&#8221;0px&#8221; padding_bottom=&#8221;0px&#8221; border=&#8221;none&#8221; class=&#8221;np&#8221;][vc_column fade_animation_offset=&#8221;45px&#8221; width=&#8221;1\/1&#8243;]<hr  class=\"x-gap\" style=\"margin: 50px 0 0 0;\">[\/vc_column][\/vc_row][vc_row inner_container=&#8221;true&#8221; no_margin=&#8221;true&#8221; padding_top=&#8221;0px&#8221; padding_bottom=&#8221;0px&#8221; border=&#8221;none&#8221; class=&#8221;np&#8221;][vc_column fade_animation_offset=&#8221;45px&#8221; width=&#8221;1\/1&#8243;]<script type=\"text\/javascript\">var gform;gform||(document.addEventListener(\"gform_main_scripts_loaded\",function(){gform.scriptsLoaded=!0}),window.addEventListener(\"DOMContentLoaded\",function(){gform.domLoaded=!0}),gform={domLoaded:!1,scriptsLoaded:!1,initializeOnLoaded:function(o){gform.domLoaded&&gform.scriptsLoaded?o():!gform.domLoaded&&gform.scriptsLoaded?window.addEventListener(\"DOMContentLoaded\",o):document.addEventListener(\"gform_main_scripts_loaded\",o)},hooks:{action:{},filter:{}},addAction:function(o,n,r,t){gform.addHook(\"action\",o,n,r,t)},addFilter:function(o,n,r,t){gform.addHook(\"filter\",o,n,r,t)},doAction:function(o){gform.doHook(\"action\",o,arguments)},applyFilters:function(o){return gform.doHook(\"filter\",o,arguments)},removeAction:function(o,n){gform.removeHook(\"action\",o,n)},removeFilter:function(o,n,r){gform.removeHook(\"filter\",o,n,r)},addHook:function(o,n,r,t,i){null==gform.hooks[o][n]&&(gform.hooks[o][n]=[]);var e=gform.hooks[o][n];null==i&&(i=n+\"_\"+e.length),gform.hooks[o][n].push({tag:i,callable:r,priority:t=null==t?10:t})},doHook:function(n,o,r){var t;if(r=Array.prototype.slice.call(r,1),null!=gform.hooks[n][o]&&((o=gform.hooks[n][o]).sort(function(o,n){return o.priority-n.priority}),o.forEach(function(o){\"function\"!=typeof(t=o.callable)&&(t=window[t]),\"action\"==n?t.apply(null,r):r[0]=t.apply(null,r)})),\"filter\"==n)return r[0]},removeHook:function(o,n,t,i){var r;null!=gform.hooks[o][n]&&(r=(r=gform.hooks[o][n]).filter(function(o,n,r){return!!(null!=i&&i!=o.tag||null!=t&&t!=o.priority)}),gform.hooks[o][n]=r)}});<\/script>\n                <div class='gf_browser_gecko gform_wrapper gform_legacy_markup_wrapper' id='gform_wrapper_34' ><form method='post' enctype='multipart\/form-data'  id='gform_34'  action='\/victoryvida\/wp-json\/wp\/v2\/pages\/6502' >\n                        <div class='gform_body gform-body'><ul id='gform_fields_34' class='gform_fields top_label form_sublabel_below description_below'><li id=\"field_34_1\" class=\"gfield gfield_contains_required field_sublabel_below field_description_below gfield_visibility_visible\" ><label class='gfield_label gfield_label_before_complex'  >Nombre Completo<span class=\"gfield_required\"><span class=\"gfield_required gfield_required_asterisk\">*<\/span><\/span><\/label><div class='ginput_complex ginput_container no_prefix has_first_name no_middle_name has_last_name no_suffix gf_name_has_2 ginput_container_name' id='input_34_1'>\n                            \n                            <span id='input_34_1_3_container' class='name_first' >\n                                                    <input type='text' name='input_1.3' id='input_34_1_3' value=''   aria-required='true'     \/>\n                                                    <label for='input_34_1_3' >Primero<\/label>\n                                                <\/span>\n                            \n                            <span id='input_34_1_6_container' class='name_last' >\n                                                    <input type='text' name='input_1.6' id='input_34_1_6' value=''   aria-required='true'     \/>\n                                                    <label for='input_34_1_6' >Apellido<\/label>\n                                                <\/span>\n                            \n                        <\/div><\/li><li id=\"field_34_2\" class=\"gfield gfield_contains_required field_sublabel_below field_description_below gfield_visibility_visible\" ><label class='gfield_label' for='input_34_2' >Correo Electr\u00f3nico<span class=\"gfield_required\"><span class=\"gfield_required gfield_required_asterisk\">*<\/span><\/span><\/label><div class='ginput_container ginput_container_email'>\n                            <input name='input_2' id='input_34_2' type='text' value='' class='large'    aria-required=\"true\" aria-invalid=\"false\"  \/>\n                        <\/div><\/li><li id=\"field_34_7\" class=\"gfield gfield_contains_required field_sublabel_below field_description_below gfield_visibility_visible\" ><label class='gfield_label' for='input_34_7' >Haga Selecion<span class=\"gfield_required\"><span class=\"gfield_required gfield_required_asterisk\">*<\/span><\/span><\/label><div class='ginput_container ginput_container_select'><select name='input_7' id='input_34_7' class='large gfield_select'    aria-required=\"true\" aria-invalid=\"false\" ><option value='' selected='selected' class='gf_placeholder'>Aga selecci\u00f3n<\/option><option value='Norcross' >Norcross<\/option><option value='Hamilton Mill' >Hamilton Mill<\/option><option value='Midtown' >Midtown<\/option><option value='Online' >Online<\/option><option value='Victory Vida' >Victory Vida<\/option><\/select><\/div><\/li><\/ul><\/div>\n        <div class='gform_footer top_label'> <input type='submit' id='gform_submit_button_34' class='gform_button button' value='Enviar'  onclick='if(window[\"gf_submitting_34\"]){return false;}  window[\"gf_submitting_34\"]=true;  ' onkeypress='if( event.keyCode == 13 ){ if(window[\"gf_submitting_34\"]){return false;} window[\"gf_submitting_34\"]=true;  jQuery(\"#gform_34\").trigger(\"submit\",[true]); }' \/> \n            <input type='hidden' class='gform_hidden' name='is_submit_34' value='1' \/>\n            <input type='hidden' class='gform_hidden' name='gform_submit' value='34' \/>\n            \n            <input type='hidden' class='gform_hidden' name='gform_unique_id' value='' \/>\n            <input type='hidden' class='gform_hidden' name='state_34' value='WyJbXSIsIjYyM2JlOGJlYzIxMjQ3NWJmNWM3MjU3NGUyMTBkMmVhIl0=' \/>\n            <input type='hidden' class='gform_hidden' name='gform_target_page_number_34' id='gform_target_page_number_34' value='0' \/>\n            <input type='hidden' class='gform_hidden' name='gform_source_page_number_34' id='gform_source_page_number_34' value='1' \/>\n            <input type='hidden' name='gform_field_values' value='' \/>\n            \n        <\/div>\n                        <\/form>\n                        <\/div>[\/vc_column][\/vc_row][vc_row inner_container=&#8221;true&#8221; no_margin=&#8221;true&#8221; padding_top=&#8221;0px&#8221; padding_bottom=&#8221;0px&#8221; border=&#8221;none&#8221; class=&#8221;np&#8221;][vc_column fade_animation_offset=&#8221;45px&#8221; width=&#8221;1\/1&#8243;]<hr  class=\"x-gap\" style=\"margin: 50px 0 0 0;\">[vc_raw_html]JTNDc2NyaXB0JTIwdHlwZSUzRCUyMnRleHQlMkZqYXZhc2NyaXB0JTIyJTNFJTI4ZnVuY3Rpb24lMjhvJTI5JTdCdmFyJTIwYiUzRCUyMmh0dHBzJTNBJTJGJTJGYXBpLmF1dG9waWxvdGhxLmNvbSUyRmFueXdoZXJlJTJGJTIyJTJDdCUzRCUyMjdjZWVhMjcxNDA0ODRiZTNhOTM3MTgxNGViYTA5NzEwMjQ4ZTU5MmE3MjliNDhjOTlmN2Y5MGVmMWM0NjNhYjklMjIlMkNhJTNEd2luZG93LkF1dG9waWxvdEFueXdoZXJlJTNEJTdCX3J1blF1ZXVlJTNBJTVCJTVEJTJDcnVuJTNBZnVuY3Rpb24lMjglMjklN0J0aGlzLl9ydW5RdWV1ZS5wdXNoJTI4YXJndW1lbnRzJTI5JTNCJTdEJTdEJTJDYyUzRGVuY29kZVVSSUNvbXBvbmVudCUyQ3MlM0QlMjJTQ1JJUFQlMjIlMkNkJTNEZG9jdW1lbnQlMkNsJTNEZC5nZXRFbGVtZW50c0J5VGFnTmFtZSUyOHMlMjklNUIwJTVEJTJDcCUzRCUyMnQlM0QlMjIlMkJjJTI4ZC50aXRsZSU3QyU3QyUyMiUyMiUyOSUyQiUyMiUyNnUlM0QlMjIlMkJjJTI4ZC5sb2NhdGlvbi5ocmVmJTdDJTdDJTIyJTIyJTI5JTJCJTIyJTI2ciUzRCUyMiUyQmMlMjhkLnJlZmVycmVyJTdDJTdDJTIyJTIyJTI5JTJDaiUzRCUyMnRleHQlMkZqYXZhc2NyaXB0JTIyJTJDeiUyQ3klM0JpZiUyOCUyMXdpbmRvdy5BdXRvcGlsb3QlMjklMjB3aW5kb3cuQXV0b3BpbG90JTNEYSUzQmlmJTI4by5hcHAlMjklMjBwJTNEJTIyZGV2bW9kZSUzRHRydWUlMjYlMjIlMkJwJTNCeiUzRGZ1bmN0aW9uJTI4c3JjJTJDYXN5JTI5JTdCdmFyJTIwZSUzRGQuY3JlYXRlRWxlbWVudCUyOHMlMjklM0JlLnNyYyUzRHNyYyUzQmUudHlwZSUzRGolM0JlLmFzeW5jJTNEYXN5JTNCbC5wYXJlbnROb2RlLmluc2VydEJlZm9yZSUyOGUlMkNsJTI5JTNCJTdEJTNCeSUzRGZ1bmN0aW9uJTI4JTI5JTdCeiUyOGIlMkJ0JTJCJTI3JTNGJTI3JTJCcCUyQ3RydWUlMjklM0IlN0QlM0JpZiUyOHdpbmRvdy5hdHRhY2hFdmVudCUyOSU3QndpbmRvdy5hdHRhY2hFdmVudCUyOCUyMm9ubG9hZCUyMiUyQ3klMjklM0IlN0RlbHNlJTdCd2luZG93LmFkZEV2ZW50TGlzdGVuZXIlMjglMjJsb2FkJTIyJTJDeSUyQ2ZhbHNlJTI5JTNCJTdEJTdEJTI5JTI4JTdCJTdEJTI5JTNCJTNDJTJGc2NyaXB0JTNFJTBB[\/vc_raw_html][\/vc_column][\/vc_row]","protected":false},"excerpt":{"rendered":"<p>[vc_row no_margin=&#8221;true&#8221; padding_top=&#8221;180px&#8221; padding_bottom=&#8221;250px&#8221; border=&#8221;none&#8221; class=&#8221;heroimgsmall&#8221; bg_image=&#8221;7998&#8243; bg_video=&#8221;&#8221; style=&#8221;&#8221;][vc_column fade_animation_offset=&#8221;45px&#8221; width=&#8221;1\/1&#8243;][\/vc_column][\/vc_row][vc_row inner_container=&#8221;true&#8221; no_margin=&#8221;true&#8221; padding_top=&#8221;0px&#8221; padding_bottom=&#8221;0px&#8221; border=&#8221;none&#8221; class=&#8221;np&#8221;][vc_column fade_animation_offset=&#8221;45px&#8221; width=&#8221;1\/1&#8243;][\/vc_column][\/vc_row][vc_row inner_container=&#8221;true&#8221; no_margin=&#8221;true&#8221; padding_top=&#8221;0px&#8221; padding_bottom=&#8221;0px&#8221; border=&#8221;none&#8221; class=&#8221;np&#8221;][vc_column fade_animation_offset=&#8221;45px&#8221; width=&#8221;1\/1&#8243;][\/vc_column][\/vc_row][vc_row inner_container=&#8221;true&#8221; no_margin=&#8221;true&#8221; padding_top=&#8221;0px&#8221; &#8230;<\/p>\n","protected":false},"author":5,"featured_media":0,"parent":0,"menu_order":0,"comment_status":"closed","ping_status":"closed","template":"template-blank-4.php","meta":[],"_links":{"self":[{"href":"https:\/\/legacy.victoryatl.com\/victoryvida\/wp-json\/wp\/v2\/pages\/6502"}],"collection":[{"href":"https:\/\/legacy.victoryatl.com\/victoryvida\/wp-json\/wp\/v2\/pages"}],"about":[{"href":"https:\/\/legacy.victoryatl.com\/victoryvida\/wp-json\/wp\/v2\/types\/page"}],"author":[{"embeddable":true,"href":"https:\/\/legacy.victoryatl.com\/victoryvida\/wp-json\/wp\/v2\/users\/5"}],"replies":[{"embeddable":true,"href":"https:\/\/legacy.victoryatl.com\/victoryvida\/wp-json\/wp\/v2\/comments?post=6502"}],"version-history":[{"count":13,"href":"https:\/\/legacy.victoryatl.com\/victoryvida\/wp-json\/wp\/v2\/pages\/6502\/revisions"}],"predecessor-version":[{"id":8382,"href":"https:\/\/legacy.victoryatl.com\/victoryvida\/wp-json\/wp\/v2\/pages\/6502\/revisions\/8382"}],"wp:attachment":[{"href":"https:\/\/legacy.victoryatl.com\/victoryvida\/wp-json\/wp\/v2\/media?parent=6502"}],"curies":[{"name":"wp","href":"https:\/\/api.w.org\/{rel}","templated":true}]}}